d = 0. List the prime factors of i.
11, 71
Let g(n) = 2*n - 5. Let q be g(-3). Let f = 7 + q. Let r = f + 67. What are the prime factors of r?
3, 7
List the prime factors of (-462)/693*(-14)/8*282.
7, 47
Let q = 317 - 118. Let s = q - 59. Suppose 4*n + 16 = s. What are the prime factors of n?
31
Suppose p - 8 = -26. List the prime factors of (-3 - (-100)/36) + (-1876)/p.
2, 13
Suppose 3*r = 5*r. Suppose 4*g + r*d = d + 69, 4*d + 68 = 3*g. Suppose -4*p + g + 8 = 0. List the prime factors of p.
2, 3
Suppose -875 = -4*t - q, 5*t - 631 = -3*q + 468. Suppose j + 3*f = -0*f + 108, -2*j + t = 5*f. List the prime factors of j.
2, 3, 19
What are the prime factors of (-3 - (-19 - -14))*2038/4?
1019
Let r(j) = 105*j**3 + 9*j**2 - 4*j - 2. What are the prime factors of r(2)?
2, 433
What are the prime factors of -5*(-18)/60*976?
2, 3, 61
Let d = -4 - -2. What are the prime factors of 19/((-1)/d*1)?
2, 19
Suppose -3*a + 0*a + 6 = 0. Let r(i) = -5 + a*i - i + 1 + 2. What are the prime factors of r(12)?
2, 5
Let v(i) = -3*i**2 - 14*i + 60. Let p(q) = -2*q**2 - 9*q + 40. Let y(o) = -7*p(o) + 5*v(o). List the prime factors of y(-9).
2
Let x be 84/15 + 4 - 4/(-10). Suppose 541 = x*a + 151. What are the prime factors of a?
3, 13
Suppose 6*w - 206 = 682. Let o = -112 + w. List the prime factors of o.
2, 3
Suppose -4*g = 2*g. Suppose 2*d = -g + 4. List the prime factors of d + (4 + -1 - -16).
3, 7
Let y(j) = -j - 1. Let s be (-6)/(-3) + 5 - 2. Suppose h = 1, -s*h + 4 = -5*l - 21. What are the prime factors of y(l)?
3
Suppose 0 = -6*f + 2*f - 328. Let v be 7/28 - 9*42/8. Let b = v - f. List the prime factors of b.
5, 7
Let a(w) = 5*w - 5. Let d(p) = -p + 1. Let s(n) = -a(n) - 2*d(n). Let q be s(2). What are the prime factors of q - (2 + -13 - 1)?
3
Let d(p) = 2*p**2 - 2*p - 1. Suppose 3 + 7 = -5*y. Let n be d(y). Suppose t + 63 = 4*h, -n = 3*h + 3*t - 47. What are the prime factors of h?
3, 5
Suppose -4707 = -5*y - 3*v, -5*v - 1118 = -4*y + 2655. What are the prime factors of y?
2, 3, 157
What are the prime factors of ((-8)/(-10))/((-18)/(-9315))?
2, 3, 23
List the prime factors of 1272/(-3)*-1 + (-3 - -5).
2, 3, 71
Let z(h) = -h**3 + 19*h**2 - 5*h + 5. Let k be z(18). Let n = k + -138. What are the prime factors of n?
101
Suppose -4*x - 59 = -3. Let u = 30 - x. List the prime factors of u.
2, 11
Let s(o) = 68*o + 71. What are the prime factors of s(6)?
479
Suppose -16*b = -21*b + 60. Suppose -2*x - b = -16. List the prime factors of x.
2
Suppose -26 = -5*m - 3*i, 13 = 2*m - 3*i - 10. Suppose 0 = -3*a - 4*d - 20, -5*a + d + m = 2. Suppose -g + 63 + 4 = a. List the prime factors of g.
67
Let q = 3 - 1. Suppose q*k = -8*k + 2340. List the prime factors of k.
2, 3, 13
Suppose 2*u + 3546 = 2*p, 34*p = 36*p + u - 3555. List the prime factors of p.
2, 3, 37
List the prime factors of ((-32)/40)/((12/(-590))/6).
2, 59
Suppose 54*b - 40*b = 700. List the prime factors of b.
2, 5
Let p be (-123)/(-6) - (-1)/(-2). Let u be 4/p - 3/15. Suppose u = q + k - 15, -2*q + 2*k + 3 + 47 = 0. List the prime factors of q.
2, 5
Let k be -1*0*(-4)/(-8). Suppose -5*z + z = k. Suppose -5*a + 3*q = 16 - 163, z = a + 4*q - 11. List the prime factors of a.
3
Let n(i) = 11*i**2 - 7*i + 7 + i**2 - 11. What are the prime factors of n(4)?
2, 5
Let q be 0/(-1 - 1)*7/14. Suppose -4*n - 5*y + 84 = q, -3*n + 2*y + 72 = 2*n. What are the prime factors of n?
2
Suppose 0 = 26*m - 8540 - 48400. List the prime factors of m.
2, 3, 5, 73
Suppose 15 = l + 20. Let b(j) = 2*j + 7. Let w be b(l). Let p = 48 + w. List the prime factors of p.
3, 5
Suppose 0 = v - l - 4*l - 73, 4*v - 361 = -3*l. Suppose 0 = -3*k + v + 2. What are the prime factors of k?
2, 3, 5
Let o = 10664 + -6868. List the prime factors of o.
2, 13, 73
List the prime factors of (-3941 + -3)*23/(-46).
2, 17, 29
Let o be (-12 - -25) + 3 + 0. Suppose -5*j = -5*q + 5, -5*j - o = 4*q + 34. List the prime factors of 2*(4 + 3/j).
7
Suppose 3*c - 98 = 13. Let l = 77 + c. List the prime factors of l.
2, 3, 19
Let k(m) = m**2 - 3*m - 6. Let x be k(-4). Suppose 4*a + a + 5*g + 30 = 0, -4*a - 5*g - 27 = 0. Let q = a + x. List the prime factors of q.
19
Let u = -20 - -66. Suppose 29 = -j + u. What are the prime factors of j?
17
What are the prime factors of (27 + -38)*(1 + -26)?
5, 11
Suppose -4*o = 5*m, 3*m + 0*o + 5*o + 13 = 0. Suppose -2*a = 0, 4*s + 0*a - 564 = m*a. List the prime factors of s.
3, 47
Suppose -2*y = -131 - 41. Let t be 6*(3 + 13/(-6))*1. Suppose -y = -t*v + 114. List the prime factors of v.
2, 5
Suppose -7*v + 10*v - 51 = 0. Suppose 4*k - v - 63 = 0. List the prime factors of k.
2, 5
Suppose 0 = -5*b + 3463 + 102. List the prime factors of b.
23, 31
Suppose -5*s - 4*k = -1306, 1311 = 5*s - 5*k + 4*k. Suppose -115*y + 116*y = s. What are the prime factors of y?
2, 131
Let q = -6 - -9. Suppose h - 8 = -q*o, -o + 0*h + 5*h - 24 = 0. Let d = 9 - o. What are the prime factors of d?
2
Let x be 1*235 + 2 + 2. Let n = x - 158. Suppose o + 36 = 2*o - 5*g, -g - n = -2*o. List the prime factors of o.
41
Suppose 0 = -4*c - 5*k + 1041, 4*k = -4*c - 541 + 1581. List the prime factors of c.
7, 37
Suppose -2*q + 1 = -25. Suppose -3*l + q = 1. Let a(m) = -m**2 + 4*m + 5. List the prime factors of a(l).
5
Let u(a) = -41*a**3 - 2*a**2 + 2*a. Let r be u(1). Let x = 4 - r. Suppose -c = -x - 7. List the prime factors of c.
2, 13
Let a(m) = -m**3 + 2*m**2 - 6*m - 59. List the prime factors of a(-6).
5, 53
What are the prime factors of ((-182)/(-1) - 12)*17?
2, 5, 17
Suppose 4*u + l - 6 = 3*l, 5*u - 27 = -4*l. List the prime factors of (u/2)/(291/96 + -3).
2, 3
Let q be ((-8)/(-10))/((-4)/(-8 - 12)). List the prime factors of (-53 - 0/q)*-5.
5, 53
What are the prime factors of (-1728)/80*(-10)/4?
2, 3
List the prime factors of 8930/57*(-12)/(-5).
2, 47
Suppose 4*v - 140 = -3*z + 470, -582 = -3*z + 3*v. Suppose -19*d + 17*d = -z. What are the prime factors of d?
3, 11
Suppose 4*t - 1 = 15, o - 407 = -4*t. List the prime factors of o.
17, 23
Let w = -183 - -89. Let u = w + 114. List the prime factors of u.
2, 5
Let v = 384 - 221. What are the prime factors of v?
163
Let r(m) = -24*m + 2. List the prime factors of r(-1).
2, 13
Let d = -20 - -60. Let v = d + -30. What are the prime factors of v?
2, 5
What are the prime factors of -1150*3/(-8)*(6 - 2)?
3, 5, 23
Let j = 114 - 68. Let u(o) = 2*o**2 - 2*o + 27. Let s be u(7). Let k = s - j. What are the prime factors of k?
5, 13
Let x = -223 + 388. What are the prime factors of 5475/x + (-4)/22?
3, 11
Let t = -176 + 616. Suppose t = 11*w - 6*w. Suppose -v + 4*g - w = -5*v, -67 = -4*v + 3*g. List the prime factors of v.
19
Suppose -4*o - 2*q + 223 = -411, -q + 477 = 3*o. Let h = o - 46. List the prime factors of 52/39*h/4.
2, 19
Let x(b) = -b**2. Let s be x(-3). Let o = s + 19. What are the prime factors of o?
2, 5
Let g(w) = -2*w**3 - 5*w**2 + 26*w + 7. List the prime factors of g(-12).
11, 13, 17
Suppose 3*h - 2*m - 29 = 0, -4*h + 9 + 11 = 2*m. List the prime factors of h.
7
Suppose -22646 = 8*s - 21*s. List the prime factors of s.
2, 13, 67
Let i = 1520 - 73. List the prime factors of i.
1447
Let d be ((-7)/14)/(2/(-8)). Suppose -f - 4*h + 60 = 0, 4*f + d*h + 107 = 319. What are the prime factors of f?
2, 13
Let b(y) = -2*y**3 - 17*y**2 - 15*y - 19. What are the prime factors of b(-11)?
751
Suppose -5*l - 2*p = 90, -4*p - 33 = 3*l + 35. List the prime factors of (-26)/(68/l + 4).
2, 13
Let d = 26 + -23. Suppose -y - 4*q + 10 = -54, 0 = 2*y + d*q - 113. What are the prime factors of y?
2, 13
Let y be 1 + (2 + -64)*6/12. What are the prime factors of (-8260)/y - (-4)/6?
2, 3, 23
Suppose 2*k - 2 = 3*n - 3, -2*n + 3*k + 4 = 0. What are the prime factors of 1*573*n/(-3)?
191
Let m = -114 + 309. List the prime factors of m.
3, 5, 13
Suppose -836 = -12*p + 2356. What are the prime factors of p?
2, 7, 19
Suppose 5*v - 10 = 40. Let f = 4 + v. Let u = 23 - f. List the prime factors of u.
3
What are the prime factors of 47804/111 - 2/(-6)?
431
Let z(m) = -1210*m**3 + m**2 + m. Let c be z(-1). Suppose -155 = -5*f + c. What are the prime factors of f?
3, 7, 13
Let h(o) = o**3 - 6*o**2 + o - 8. Let m be h(6). Let d(l) = -9*l + 2. What are the prime factors of d(m)?
2, 5
Let v(a) = -2*a**3 + 43*a**2 + 11*a + 30. List the prime f